t h = f - -10. Suppose v - 6*v = -h. Let w(b) = b - 1. Determine w(v).
1
Let i(t) = -6*t**3 - 4*t**2 - 2*t + 1. Suppose 3*o - 4 = -10. What is i(o)?
37
Let d(b) = -b + 1. Let a be d(4). Let z(l) be the second derivative of -l**4/12 - l**3/2 + 3*l**2/2 + 27*l. What is z(a)?
3
Let h(a) = a**2 + 3*a - 3. Suppose -5*x - 9 = 3*k, -2*k - 2*k - 4*x = 4. What is h(k)?
7
Let k = -2224 + 2217. Let h(s) = 2*s - 16. What is h(k)?
-30
Suppose -4*d - 2*l = -3*l - 37, -2*d - 2*l = -6. Let b(g) = 111*g**2 - 7 - 112*g**2 - d*g + 3. Give b(-8).
-4
Let l(m) = 0*m + m - 4 + 2. Let u be (3 - (-18)/15) + (-14)/70. Calculate l(u).
2
Let s(z) be the first derivative of z**2/2 - 3*z + 2. Suppose 0 = 3*n - a + 98, 225 = -5*n - a + 51. Let h = 29 + n. Calculate s(h).
-8
Let k(j) be the third derivative of -j**6/120 + j**5/10 - 2*j**2 + 18. Let a be (-2)/9 - 224/(-36). Determine k(a).
0
Let f = -2 - -50. Let m be (15/(-25) + f/(-45))*-3. Let l(h) = h**3 - 5*h**2 - 2*h + 6. Calculate l(m).
-4
Let x(v) be the third derivative of 13*v**4/24 + v**3 - 13*v**2 - 8*v. What is x(-3)?
-33
Suppose 12 = 2*u - 2*f, -2 = -0*f - f. Let r be 6 - 1/(1/(-3)). Let z(v) = 0 - u*v - r*v + 1 - v. Determine z(1).
-17
Let u(m) = -m**2 - 5*m - 1. Let p be u(-5). Let q(i) = 3*i**2 + 2*i + 1. Let l be q(p). Let o(v) = 2 - v + 2*v - l. Calculate o(0).
0
Let z(d) be the third derivative of 0 - 26*d**2 + 1/24*d**4 + 3/2*d**3 + 0*d. Determine z(7).
16
Let s(b) = 5*b**3 - 6*b**2 + 3*b + 3. Let v(w) = -4*w**3 + 7*w**2 - 2*w - 5. Let f(j) = -3*s(j) - 4*v(j). Suppose -l - l = -20. Calculate f(l).
1
Let o(f) = f**3 - 16*f**2 + 26*f + 20. Suppose 19*v - 37 = -3*m + 20*v, -53 = -2*m - 5*v. What is o(m)?
-8
Let b(u) = -7*u - 17*u - 5 - 4 + 23*u + u**2. Give b(0).
-9
Let q(w) = -w**2 - 5*w - 1. Let f(x) = -6*x - 6. Let o(a) = 5*a + 7. Let k(y) = 4*f(y) + 5*o(y). Let u be k(-13). What is q(u)?
5
Let p(n) = -15*n - 7. Suppose -5*f - 16*f - 273 = 0. Let q(t) = -7*t - 3. Let j(i) = f*q(i) + 6*p(i). Determine j(7).
4
Let i(y) be the second derivative of y**5/60 - y**4/24 - 19*y**2/2 + 6*y. Let v(z) be the first derivative of i(z). Suppose -u + 0 - 2 = 0. Determine v(u).
6
Let f(q) = -2*q + 42. Let m be f(19). Suppose -2*h = 5*k + 17, 0*h - 13 = 3*k + m*h. Let l(c) = -c**3 - c**2 + 2*c - 1. Give l(k).
11
Let g(a) = -15*a**3 - 2*a**2 - 2*a - 1. Suppose 10*y + j - 2 = 12*y, 0 = j. Give g(y).
14
Let r be (-1)/((-2)/(-30) + 0). Let s be (r/(-10) - 2)*-12. Let d(y) = -2*y + 2. Give d(s).
-10
Let t(h) be the first derivative of h**2/2 - 2*h + 6. Suppose 0 = r + 4*s - 6, -3*s = 3*r + s - 10. Let l be (1/(-2))/(r/(-4)). Calculate t(l).
-1
Let h(f) = f + 15. Let a be h(-13). Let g(c) = 9*c**2 - 46*c - 11. Let i(v) = -5*v**2 + 25*v + 6. Let t(n) = 6*g(n) + 11*i(n). Give t(a).
-6
Let q = -53 + 55. Let y(u) = 16*u**q - 5757 + 5757. What is y(-1)?
16
Let f(z) = -z**2 + 8*z + 3. Suppose -4*h - 25 = 4*t - 7*t, 5*t + 5*h = 30. Give f(t).
10
Suppose 87 - 83 = -t. Let g(f) = -3*f - 8. Determine g(t).
4
Let n(i) = i**3 - 7*i**2 + 5*i + 7. Suppose -91 = 5*r - 2*j, 7*r - 3*r + 5*j = -53. Let v = r + 32. Let q be v*(-1 + 7/5). What is n(q)?
1
Suppose 2*n + 4 = 0, u = -u + 5*n + 18. Suppose 6*k - k + 25 = -u*l, 23 = -4*l - 3*k. Let h(r) = -4*r**2 - r**2 + 2*r + 0*r + 6 - r**3. Calculate h(l).
-4
Let n = -427 - -418. Let s(v) = -v**2 - 8*v + 21. Give s(n).
12
Let u(y) = 8*y**3 + 20*y**2 - 10*y - 22. Let l(c) = -7*c**3 - 18*c**2 + 10*c + 20. Let z(a) = 7*l(a) + 6*u(a). Calculate z(-7).
-13
Let t(s) = -40887*s + 3 + 40882*s - 5. Give t(1).
-7
Let w = -91 + 40. Let l = -55 - w. Let f(z) = 3*z - 11. Let q(b) = b - 4. Let k(o) = 6*f(o) - 17*q(o). Give k(l).
-2
Let d(w) = 7*w**3 - 17*w**2 - 6*w + 10. Let v(l) = 13*l**3 - 31*l**2 - 11*l + 19. Let j(u) = 11*d(u) - 6*v(u). What is j(0)?
-4
Let i(a) = -11 - a**2 - 10 + 20 - 8 + 3*a. Determine i(0).
-9
Let n(l) = l + 1. Let r be (-11 + 1 + 1)/(-1). Let b = r - 12. Calculate n(b).
-2
Let c(q) = -1. Suppose 7*i = -17 - 11. Let y(j) = j - 1. Let a be 3*2/6 - 0. Let p(r) = a*y(r) + i*c(r). Calculate p(-3).
0
Suppose 4*i + 2 = 2*k - 0, -4*k + 4 = -4*i. Let p(u) = 8*u - 1 - k - 7*u - 2. What is p(4)?
0
Let t(d) = -7*d**2 + 10 + d**3 + 10*d - 12*d + 0*d**3. Let x be 3 + (-3)/((-6)/8). Calculate t(x).
-4
Let a(v) = 18*v**3 - 19*v + 16*v - 29*v**3 + 12*v**3 + v**2 + 2. Determine a(-2).
4
Let i(k) = k**2 - 2*k - 3. Let t be i(3). Suppose 8 = -t*x - 2*x. Let h(l) = l**3 + 4*l**2 + 2*l + 4. What is h(x)?
-4
Let b = 16 - 22. Let v be 4 + (-15)/b*-2. Let s(c) = -5*c**2 + c + 1. Determine s(v).
-5
Let w(x) = -x - 83*x**2 + x + 1 + 82*x**2. Let f be 1 + 10/4*-2. Let z = f - -7. Determine w(z).
-8
Let i(m) = 2*m + 11. Suppose -2*h = -2*a - 2, -5*h = -0*a + 4*a + 31. Calculate i(a).
3
Let c = 277 - 280. Let v(w) = 8*w + 4. Determine v(c).
-20
Let g(u) = -u**2 + 14*u - 28. Let y = 617 - 605. Determine g(y).
-4
Let b(n) = 3*n + 5. Let t(x) = -3*x - 6. Let k(p) = -p**2 - 6*p - 7. Let s be k(-5). Let q(u) = s*t(u) - 3*b(u). Give q(-2).
3
Suppose t + t = 22. Suppose 3*l + 2 = -2*i - t, 4*l = 4*i - 24. Let s(c) = c**3 - c**2 + c. Calculate s(i).
1
Let u(j) = -j**3 - 8*j**2 - 6*j + 7. Let k be u(-7). Let m(b) = b**2 + 0*b**2 - 2*b**2 - 1 - 2*b + 3*b. Calculate m(k).
-1
Let z = 7 - 3. Let g = -3 + z. Let u = 2 + g. Let j(k) = 2*k + 4. Determine j(u).
10
Let j(f) = f**2 - 8*f + 2. Suppose 0 = -4*z + 2*v + 30, -2*z = -2*v - 56 + 44. Give j(z).
11
Let n(j) = 5*j - 146. Let o be n(29). Let z(h) = 10*h**2 + 1. Calculate z(o).
11
Suppose -14*d = -6*d - 32. Let x(h) = -h + 2. What is x(d)?
-2
Let j(a) = -1. Suppose 0 = 4*l + 5*o + 6, 4*o = 5*l - 0*l - 13. Let m(k) = -k + 7. Let n(v) = l*m(v) + 2*j(v). Calculate n(4).
1
Suppose -6*r = -r - 5*q - 40, -3*r = -2*q - 19. Let p(d) = -3*d + 4*d - r*d. Let c = -569 + 571. Calculate p(c).
-4
Let n(y) be the first derivative of y**2/2 - 7*y - 3. Let i be n(11). Let b(g) = g + 1 + 2 - i + 2*g**2. Calculate b(-2).
5
Let u(k) = -k - 7. Let x be u(-10). Let b(i) = -6*i - 4*i**3 - 4 + 2*i**3 + x*i**3 - 2 + 3*i**2. What is b(-4)?
2
Let y(x) = 1 + 0*x + 4*x + 4 - 2*x. Let u be (-4)/(-18) + 4/(-18). Let q be 1/2*(-10 + u). Calculate y(q).
-5
Let k(y) be the third derivative of -y**4/24 - 5*y**3/6 + y**2. Suppose -2*s - 27 = 19. Let a = 18 + s. What is k(a)?
0
Let x(d) = -3*d**2 + 2*d**2 - d**2 + 3 - 4*d. Suppose 3*h - 52 + 4 = 0. Let i = -20 + h. Give x(i).
-13
Let h(y) = 2*y + 5. Suppose -68*d - 40 = -58*d. What is h(d)?
-3
Suppose -7*j - 34 = -27. Let u(l) = l**2 - l + 1. Let g(s) = 11*s**2 - 2*s + 1. Let a(r) = g(r) - 2*u(r). What is a(j)?
8
Let v(q) = -11*q + 1. Let s(l) = 3*l + 1. Let g(f) = -3*s(f) - v(f). What is g(-4)?
-12
Let z(o) = -o + 2 + 0*o - 1 - 2 + 4*o**3. Give z(-1).
-4
Let i(h) = -h - h + 4 + 4*h - 18*h - h**2 + 17*h. Let a(s) = s - 3. Let l be a(3). Give i(l).
4
Let w(i) be the third derivative of i**6/120 + i**5/20 + i**4/24 + i**3/6 - i**2 + 13. What is w(-2)?
3
Let c(a) be the first derivative of -a**4/4 + 8*a**3/3 - a**2 - 4*a + 127. What is c(8)?
-20
Let h = -3 + 2. Let o(s) = 126*s + 35. Let z(l) = -7*l - 2. Let a(t) = -2*o(t) - 35*z(t). Calculate a(h).
7
Let m(n) be the first derivative of -n**3/3 + n**2/2 + n - 42. Determine m(-2).
-5
Let b(s) = s**3 + s - 1. Let g(z) = -11*z**3 + 23 - 3 - 8 - 6*z - 7 + z**2. Let l(w) = 6*b(w) + g(w). What is l(1)?
-5
Suppose 10*w = 5*w. Let i(o) = 4 + o + 3*o - 1 + 0*o**3 - 4*o**2 + 2*o**3. Let t(j) = 5*j**3 - 11*j**2 + 11*j + 9. Let a(d) = -8*i(d) + 3*t(d). Give a(w).
3
Let v(a) be the first derivative of a**4/4 - 5*a**3/3 + 5*a**2/2 + 6*a + 1061. What is v(5)?
31
Suppose -2*l + 32 = 2*l. Let m be -3 + (-4 - -4) + 5. Let g(a) = 4*a**2 - 1 - 3 - 1 + 9*a - 5*a**m. Calculate g(l).
3
Let a(v) be the first derivative of -v**2/2 - 9*v - 2. Let z be (-5 + 45/3)*1/(-2). Give a(z).
-4
Let f(l) be the first derivative of -10 - 1/2*l**2 - 3*l. Give f(-4).
1
Suppose -83*b = -87*b + 8. Let o(h) be the first derivative of -h - 5/2*h**b - 10. Determine o(-2).
9
Let t(v) = -8*v**3 + 6*v**2 - 17*v + 3. Let s(m) = -3*m**3 + 2*m**2 - 6*m + 1. Let w(x) = 11*s(x) - 4*t(x). Give w(-3).
2
Let g(x) = -x**2 + 17*x - 14. Let p be g(16). Let b(h) = 3*h**3 - 2*h**3 + 2*h**2 - 4 + p - 5*h. Determine b(-3).
4
Let s(k) be the third derivative of 11*k**4/24 - k**3